{"id":59,"date":"2017-02-11T17:38:26","date_gmt":"2017-02-11T17:38:26","guid":{"rendered":"http:\/\/nos.com.br\/site\/?page_id=59"},"modified":"2025-05-31T12:35:51","modified_gmt":"2025-05-31T15:35:51","slug":"politica-de-privacidade","status":"publish","type":"page","link":"https:\/\/nos.com.br\/site\/politica-de-privacidade\/","title":{"rendered":"Pol\u00edtica de privacidade e Termos de uso"},"content":{"rendered":"<p>Na\u00a0NOS Com\u00e9rcio e Servi\u00e7os de Inform\u00e1tica LTDA, doravante denominada simplesmente como \u201cNOS Inform\u00e1tica\u201d, privacidade e seguran\u00e7a s\u00e3o prioridades e nos comprometemos com a transpar\u00eancia do tratamento de dados pessoais dos nossos usu\u00e1rios\/clientes. Por isso, a presente Pol\u00edtica de Privacidade estabelece como \u00e9 feita a coleta, uso e transfer\u00eancia de informa\u00e7\u00f5es de clientes ou outras pessoas que acessam ou usam nosso site.<\/p>\n<p>Ao utilizar nossos servi\u00e7os, voc\u00ea entende que coletaremos e usaremos suas informa\u00e7\u00f5es pessoais nas formas descritas nesta Pol\u00edtica, sob as normas da Constitui\u00e7\u00e3o Federal de 1988 (art. 5\u00ba, LXXIX; e o art. 22\u00ba, XXX \u2013 inclu\u00eddos pela EC 115\/2022),<strong>\u00a0<\/strong>das<strong>\u00a0<\/strong>normas de Prote\u00e7\u00e3o de Dados (LGPD, Lei Federal 13.709\/2018), das disposi\u00e7\u00f5es consumeristas da Lei Federal 8078\/1990 e as demais normas do ordenamento jur\u00eddico brasileiro aplic\u00e1veis.<\/p>\n<p>Dessa forma, a\u00a0NOS Inform\u00e1tica, inscrita no CNPJ\/MF sob o n\u00ba\u00a000.470.838\/0001-49, no papel de Controladora de Dados, obriga-se ao disposto na presente Pol\u00edtica de Privacidade.<\/p>\n<ol>\n<li><strong> Quais dados coletamos sobre voc\u00ea, usu\u00e1rio dos servi\u00e7os da NOS Inform\u00e1tica,<\/strong> <strong>e para qual finalidade?<\/strong><\/li>\n<\/ol>\n<p>Nossos servi\u00e7os podem vir a coletar e utilizar alguns dados pessoais de seus utilizadores, de forma a viabilizar a presta\u00e7\u00e3o de servi\u00e7os e aprimorar a experi\u00eancia de uso.<\/p>\n<p><strong>1.1. Dados pessoais fornecidos pelo titular<\/strong><\/p>\n<ul>\n<li>\u00a0Nome \u2013 Finalidade de identificar o usu\u00e1rio das ferramentas disponibilizadas<\/li>\n<li>\u00a0Endere\u00e7o f\u00edsico \u2013 Finalidade de facilitar contato \u2013 N\u00c3O OBRIGAT\u00d3RIO.<\/li>\n<li>Telefone \u2013 Finalidade de contato e redefini\u00e7\u00f5es de credenciais de acesso.<\/li>\n<li>E-mail \u2013 Finalidade de contato e redefini\u00e7\u00f5es de credenciais de acesso.<\/li>\n<li>Foto \u2013 Finalidade de personaliza\u00e7\u00e3o do usu\u00e1rio \u2013 N\u00c3O OBRIGAT\u00d3RIO.<\/li>\n<\/ul>\n<p><strong>1.2. Dados pessoais coletados automaticamente<\/strong><\/p>\n<ul>\n<li>\u00a0N\u00c3O H\u00c1 DADOS PESSOAIS COLETADOS AUTOMATICAMENTE.<\/li>\n<\/ul>\n<ol start=\"2\">\n<li><strong> Como coletamos os seus dados?<\/strong><\/li>\n<\/ol>\n<p>Nesse sentido, a coleta dos seus dados pessoais ocorre da seguinte forma:<\/p>\n<ul>\n<li>Quando do cadastro inicial de usu\u00e1rios em contexto corporativo: Usu\u00e1rio deve fornecer os dados ao administrador do servi\u00e7o que far\u00e1 o seu cadastro como usu\u00e1rio da ferramenta;<\/li>\n<li>Quando do cadastro inicial ou atualiza\u00e7\u00e3o de cadastro em contexto p\u00fablico ou corporativo que o administrador libere essa fun\u00e7\u00e3o: o pr\u00f3prio Usu\u00e1rio utiliza a funcionalidade de cadastro da ferramenta utilizada, e fornece os dados solicitados.<\/li>\n<\/ul>\n<p><strong>2.1. Consentimento<\/strong><\/p>\n<p>\u00c9 a partir do seu consentimento que tratamos os seus dados pessoais. O consentimento \u00e9 a manifesta\u00e7\u00e3o livre, informada e inequ\u00edvoca pela qual voc\u00ea autoriza a\u00a0NOS Inform\u00e1tica.<\/p>\n<p>Assim, em conson\u00e2ncia com a Lei Geral de Prote\u00e7\u00e3o de Dados, seus dados s\u00f3 ser\u00e3o coletados, tratados e armazenados mediante pr\u00e9vio e expresso consentimento.<\/p>\n<p>O seu consentimento ser\u00e1 obtido de forma espec\u00edfica para cada finalidade acima descrita, evidenciando o compromisso de transpar\u00eancia e boa-f\u00e9 da\u00a0NOS Inform\u00e1tica\u00a0para com seus usu\u00e1rios\/clientes, seguindo as regula\u00e7\u00f5es legislativas pertinentes.<\/p>\n<p>Ao utilizar os servi\u00e7os da\u00a0NOS Inform\u00e1tica\u00a0e fornecer seus dados pessoais, voc\u00ea est\u00e1 ciente e consentindo com as disposi\u00e7\u00f5es desta Pol\u00edtica de Privacidade, al\u00e9m de conhecer seus direitos e como exerc\u00ea-los.<\/p>\n<p>A qualquer tempo e sem nenhum custo, voc\u00ea poder\u00e1 revogar seu consentimento.<\/p>\n<p>\u00c9 importante destacar que a revoga\u00e7\u00e3o do consentimento para o tratamento dos dados pode implicar a impossibilidade da performance adequada de alguma funcionalidade do site que dependa da opera\u00e7\u00e3o. Tais consequ\u00eancias ser\u00e3o informadas previamente.<\/p>\n<ol start=\"3\">\n<li><strong> Quais s\u00e3o os seus direitos?<\/strong><\/li>\n<\/ol>\n<p>A\u00a0NOS Inform\u00e1tica\u00a0assegura a seus usu\u00e1rios\/clientes seus direitos de titular previstos no artigo 18 da Lei Geral de Prote\u00e7\u00e3o de Dados. Dessa forma, voc\u00ea pode, de maneira gratuita e a qualquer tempo:<\/p>\n<ul>\n<li><strong>Confirmar a exist\u00eancia de tratamento de dados<\/strong>, de maneira simplificada ou em formato claro e completo.<\/li>\n<li><strong>Acessar seus dados<\/strong>, podendo solicit\u00e1-los em uma c\u00f3pia leg\u00edvel sob forma impressa ou por meio eletr\u00f4nico, seguro e id\u00f4neo.<\/li>\n<li><strong>Corrigir seus dados<\/strong>, ao solicitar a edi\u00e7\u00e3o, corre\u00e7\u00e3o ou atualiza\u00e7\u00e3o destes.<\/li>\n<li><strong>Limitar seus dados<\/strong>\u00a0quando desnecess\u00e1rios, excessivos ou tratados em desconformidade com a legisla\u00e7\u00e3o atrav\u00e9s da anonimiza\u00e7\u00e3o, bloqueio ou elimina\u00e7\u00e3o.<\/li>\n<li><strong>Solicitar a portabilidade de seus dados<\/strong>, atrav\u00e9s de um relat\u00f3rio de dados cadastrais que a\u00a0<em>(nome empresarial simplificado)<\/em>\u00a0trata a seu respeito.<\/li>\n<li><strong>Eliminar seus dados<\/strong>\u00a0tratados a partir de seu consentimento, exceto nos casos previstos em lei.<\/li>\n<li><strong>Revogar seu consentimento<\/strong>, desautorizando o tratamento de seus dados.<\/li>\n<li><strong>Informar-se sobre a possibilidade de n\u00e3o fornecer seu consentimento<\/strong>\u00a0e sobre as consequ\u00eancias da negativa.<\/li>\n<\/ul>\n<ol start=\"4\">\n<li><strong> Como voc\u00ea pode exercer seus direitos de titular?<\/strong><\/li>\n<\/ol>\n<p>Para exercer seus direitos de titular, voc\u00ea deve entrar em contato com a\u00a0NOS Inform\u00e1tica\u00a0 por meio dos seguintes meios dispon\u00edveis:<\/p>\n<ul>\n<li>Email: <a href=\"mailto:contato@nos.com.br\">contato@nos.com.br<\/a><\/li>\n<li>Email: <a href=\"mailto:nos@nos.com.b\">nos@nos.com.b<\/a><\/li>\n<li>Telefone\/WhatsApp: +55-85-98660-1668<\/li>\n<\/ul>\n<p>De forma a garantir a sua correta identifica\u00e7\u00e3o como titular dos dados pessoais objeto da solicita\u00e7\u00e3o, \u00e9 poss\u00edvel que solicitemos documentos ou demais comprova\u00e7\u00f5es que possam comprovar sua identidade. Nessa hip\u00f3tese, voc\u00ea ser\u00e1 informado previamente.<\/p>\n<ol start=\"5\">\n<li><strong> Como e por quanto tempo seus dados ser\u00e3o armazenados?<\/strong><\/li>\n<\/ol>\n<p>Seus dados pessoais coletados pela\u00a0NOS Inform\u00e1tica\u00a0 ser\u00e3o utilizados e armazenados durante o tempo necess\u00e1rio para a presta\u00e7\u00e3o do servi\u00e7o ou para que as finalidades elencadas na presente Pol\u00edtica de Privacidade sejam atingidas, considerando os direitos dos titulares dos dados e dos controladores.<\/p>\n<p>De modo geral, seus dados ser\u00e3o mantidos enquanto a rela\u00e7\u00e3o contratual entre voc\u00ea e a\u00a0NOS Inform\u00e1tica\u00a0 perdurar. Findado o per\u00edodo de armazenamento dos dados pessoais, estes ser\u00e3o exclu\u00eddos de nossas bases de dados ou anonimizados, ressalvadas as hip\u00f3teses legalmente previstas no artigo 16 lei geral de prote\u00e7\u00e3o de dados, a saber:<\/p>\n<p>I \u2013 cumprimento de obriga\u00e7\u00e3o legal ou regulat\u00f3ria pelo controlador;<\/p>\n<p>II \u2013 estudo por \u00f3rg\u00e3o de pesquisa, garantida, sempre que poss\u00edvel, a anonimiza\u00e7\u00e3o dos dados pessoais;<\/p>\n<p>III \u2013 transfer\u00eancia a terceiro, desde que respeitados os requisitos de tratamento de dados dispostos nesta Lei; ou<\/p>\n<p>IV \u2013 uso exclusivo do controlador, vedado seu acesso por terceiro, e desde que anonimizados os dados.<\/p>\n<p>Isto \u00e9, informa\u00e7\u00f5es pessoais sobre voc\u00ea que sejam imprescind\u00edveis para o cumprimento de determina\u00e7\u00f5es legais, judiciais e administrativas e\/ou para o exerc\u00edcio do direito de defesa em processos judiciais e administrativos ser\u00e3o mantidas, a despeito da exclus\u00e3o dos demais dados.<\/p>\n<p>O armazenamento de dados coletados pela\u00a0NOS Inform\u00e1tica\u00a0 reflete o nosso compromisso com a seguran\u00e7a e privacidade dos seus dados. Empregamos medidas e solu\u00e7\u00f5es t\u00e9cnicas de prote\u00e7\u00e3o aptas a garantir a confidencialidade, integridade e inviolabilidade dos seus dados. Al\u00e9m disso, tamb\u00e9m contamos com medidas de seguran\u00e7a apropriadas aos riscos e com controle de acesso \u00e0s informa\u00e7\u00f5es armazenadas.<\/p>\n<ol start=\"6\">\n<li><strong> O que fazemos para manter seus dados seguros?<\/strong><\/li>\n<\/ol>\n<p>Para mantermos suas informa\u00e7\u00f5es pessoais seguras, usamos ferramentas f\u00edsicas, eletr\u00f4nicas e gerenciais orientadas para a prote\u00e7\u00e3o da sua privacidade.<\/p>\n<p>Aplicamos essas ferramentas levando em considera\u00e7\u00e3o a natureza dos dados pessoais coletados, o contexto e a finalidade do tratamento e os riscos que eventuais viola\u00e7\u00f5es gerariam para os direitos e liberdades do titular dos dados coletados e tratados.<\/p>\n<p>Entre as medidas que adotamos, destacamos as seguintes:<\/p>\n<ul>\n<li>Apenas pessoas autorizadas t\u00eam acesso a seus dados pessoais<\/li>\n<li>O acesso a seus dados pessoais \u00e9 feito somente ap\u00f3s o compromisso de confidencialidade<\/li>\n<li>Seus dados pessoais s\u00e3o armazenados em ambiente seguro e id\u00f4neo.<\/li>\n<\/ul>\n<p>A NOS Inform\u00e1tica\u00a0se compromete a adotar as melhores posturas para evitar incidentes de seguran\u00e7a. Contudo, \u00e9 necess\u00e1rio destacar que nenhuma servi;o virtual \u00e9 inteiramente segura e livre de riscos. \u00c9 poss\u00edvel que, apesar de todos os nossos protocolos de seguran\u00e7a, problemas de culpa exclusivamente de terceiros ocorram, como ataques cibern\u00e9ticos de\u00a0<em>hackers<\/em>, ou tamb\u00e9m em decorr\u00eancia da neglig\u00eancia ou imprud\u00eancia do pr\u00f3prio usu\u00e1rio\/cliente.<\/p>\n<p>Em caso de incidentes de seguran\u00e7a que possa gerar risco ou dano relevante para voc\u00ea ou qualquer um de nossos usu\u00e1rios\/clientes, comunicaremos aos afetados e a Autoridade Nacional de Prote\u00e7\u00e3o de Dados sobre o ocorrido, em conson\u00e2ncia com as disposi\u00e7\u00f5es da Lei Geral de Prote\u00e7\u00e3o de Dados.<\/p>\n<ol start=\"7\">\n<li><strong> Com quem seus dados podem ser compartilhados?<\/strong><\/li>\n<\/ol>\n<p>Tendo em vista a preserva\u00e7\u00e3o de sua privacidade, a\u00a0NOS Inform\u00e1tica\u00a0 n\u00e3o compartilhar\u00e1 seus dados pessoais com nenhum terceiro n\u00e3o autorizado.<\/p>\n<p><em>No caso de empresas parceiros comerciais clientes da <\/em>NOS Inform\u00e1tica\u00a0<em> estarem utilizando sistemas adquiridos da <\/em>NOS Inform\u00e1tica, os dados cadastrais dos usu\u00e1rios desses sistemas que sejam clientes desses parceiros comerciais da NOS Inform\u00e1tica, podem estar armazenados em ambiente computacional desses parceiros comerciais da NOS Inform\u00e1tica<em>. Nesses Casos, o parceiro comercial cliente da NOS Inform\u00e1tica passa a ser o Controlador dos dados dos usu\u00e1rios dos sistemas e servi\u00e7os utilizados, e na medida do necess\u00e1rio para a presta\u00e7\u00e3o dos servi\u00e7os contratados, os nossos contratos s\u00e3o orientados pelas normas de prote\u00e7\u00e3o de dados do ordenamento jur\u00eddico brasileiro.<\/em><\/p>\n<p><em>Enfatiza-se que nossos parceiros comerciais clientes da <\/em>NOS Inform\u00e1tica<em> t\u00eam suas pr\u00f3prias Pol\u00edticas de Privacidade, que podem ser distintas desta, casos em que recomendamos o acesso ao documentos de Pol\u00edticas de Privacidade e Termos de uso disponibilizados por aquelas empresas.<\/em><\/p>\n<p>Al\u00e9m disso, tamb\u00e9m existem outras hip\u00f3teses em que seus dados poder\u00e3o ser compartilhados, que s\u00e3o:<\/p>\n<p>I \u2013 Determina\u00e7\u00e3o legal, requerimento, requisi\u00e7\u00e3o ou ordem judicial, com autoridades judiciais, administrativas ou governamentais competentes.<\/p>\n<p>II \u2013 Caso de movimenta\u00e7\u00f5es societ\u00e1rias, como fus\u00e3o, aquisi\u00e7\u00e3o e incorpora\u00e7\u00e3o, de forma autom\u00e1tica<\/p>\n<p>III \u2013 Prote\u00e7\u00e3o dos direitos da\u00a0NOS Inform\u00e1tica em qualquer tipo de conflito, inclusive os de teor judicial.<\/p>\n<p><strong>7.1. Transfer\u00eancia internacional de dados<\/strong><\/p>\n<p>No caso de haver necessidade de compartilharmos dados com terceiros localizados ou \u00a0possuir instala\u00e7\u00f5es localizadas em pa\u00edses estrangeiros, nessas condi\u00e7\u00f5es, de toda forma, seus dados pessoais <em>estar\u00e3o sujeitos \u00e0 Lei Geral de Prote\u00e7\u00e3o de Dados e \u00e0s demais legisla\u00e7\u00f5es brasileiras de prote\u00e7\u00e3o de dados.<\/em><\/p>\n<p>Nesse sentido, a\u00a0 NOS Inform\u00e1tica se compromete a sempre adotar eficientes padr\u00f5es de seguran\u00e7a cibern\u00e9tica e de prote\u00e7\u00e3o de dados, nos melhores esfor\u00e7os de garantir e cumprir as exig\u00eancias legislativas.<\/p>\n<p>Ao concordar com essa Pol\u00edtica de Privacidade, voc\u00ea concorda com esse compartilhamento, que se dar\u00e1 conforme as finalidades descritas no presente instrumento.<\/p>\n<ol start=\"8\">\n<li><strong> Cookies ou dados de navega\u00e7\u00e3o<\/strong><\/li>\n<\/ol>\n<p>A\u00a0NOS Inform\u00e1tica faz uso de Cookies em seus sites, que s\u00e3o arquivos de texto enviados pela plataforma ao seu computador e que nele se armazenam, que cont\u00e9m informa\u00e7\u00f5es relacionadas \u00e0 navega\u00e7\u00e3o do site. Em suma, os Cookies s\u00e3o utilizados para aprimorar a experi\u00eancia de uso.<\/p>\n<p>Ao acessar nosso site e consentir com o uso de Cookies, voc\u00ea manifesta conhecer e aceitar a utiliza\u00e7\u00e3o de um sistema de coleta de dados de navega\u00e7\u00e3o com o uso de Cookies em seu dispositivo.<\/p>\n<p>Voc\u00ea pode, a qualquer tempo e sem nenhum custo, alterar as permiss\u00f5es, bloquear ou recusar os Cookies. Todavia, a revoga\u00e7\u00e3o do consentimento de determinados Cookies pode inviabilizar o funcionamento correto de alguns recursos da plataforma.<\/p>\n<p>Para gerenciar os cookies do seu navegador, basta faz\u00ea-lo diretamente nas configura\u00e7\u00f5es do navegador, na \u00e1rea de gest\u00e3o de Cookies. Voc\u00ea pode acessar tutoriais sobre o tema diretamente nos links abaixo:<\/p>\n<p>Se voc\u00ea usa o\u00a0<a href=\"https:\/\/support.microsoft.com\/pt-br\/help\/17442\/windows-internet-explorer-delete-manage-cookies\">Internet Explorer<\/a>.<\/p>\n<p>Se voc\u00ea usa o\u00a0<a href=\"https:\/\/support.mozilla.org\/pt-BR\/kb\/gerencie-configuracoes-de-armazenamento-local-de-s\">Firefox<\/a>.<\/p>\n<p>Se voc\u00ea usa o\u00a0<a href=\"https:\/\/support.apple.com\/pt-br\/guide\/safari\/sfri11471\/mac\">Safari<\/a>.<\/p>\n<p>Se voc\u00ea usa o\u00a0<a href=\"https:\/\/support.google.com\/chrome\/answer\/95647?co=GENIE.Platform%3DDesktop&amp;oco=1&amp;hl=pt-BR\">Google Chrome<\/a>.<\/p>\n<p>Se voc\u00ea usa o\u00a0<a href=\"https:\/\/support.microsoft.com\/pt-br\/help\/4027947\/microsoft-edge-delete-cookies\">Microsoft Edge<\/a>.<\/p>\n<p>Se voc\u00ea usa o\u00a0<a href=\"https:\/\/help.opera.com\/en\/latest\/web-preferences\/#cookies\">Opera<\/a>.<\/p>\n<ol start=\"9\">\n<li><strong> Altera\u00e7\u00e3o desta Pol\u00edtica de Privacidade<\/strong><\/li>\n<\/ol>\n<p>A atual vers\u00e3o da Pol\u00edtica de Privacidade foi formulada e atualizada pela \u00faltima vez em:\u00a031\/05\/2025.<\/p>\n<p>Reservamos o direito de modificar essa Pol\u00edtica de Privacidade a qualquer tempo, principalmente em fun\u00e7\u00e3o da adequa\u00e7\u00e3o a eventuais altera\u00e7\u00f5es feitas em nosso site ou em \u00e2mbito legislativo. Recomendamos que voc\u00ea a revise com frequ\u00eancia.<\/p>\n<p>Eventuais altera\u00e7\u00f5es entrar\u00e3o em vigor a partir de sua publica\u00e7\u00e3o em nosso site e sempre lhe notificaremos acerca das mudan\u00e7as ocorridas.<\/p>\n<p>Ao utilizar nossos servi\u00e7os e fornecer seus dados pessoais ap\u00f3s tais modifica\u00e7\u00f5es, voc\u00ea as consente.<\/p>\n<ol start=\"10\">\n<li><strong> Responsabilidade<\/strong><\/li>\n<\/ol>\n<p>A\u00a0NOS Inform\u00e1tica prev\u00ea a responsabilidade dos agentes que atuam nos processos de tratamento de dados, em conformidade com os artigos 42 ao 45 da Lei Geral de Prote\u00e7\u00e3o de Dados.<\/p>\n<p>Nos comprometemos em manter esta Pol\u00edtica de Privacidade atualizada, observando suas disposi\u00e7\u00f5es e zelando por seu cumprimento.<\/p>\n<p>Al\u00e9m disso, tamb\u00e9m assumimos o compromisso de buscar condi\u00e7\u00f5es t\u00e9cnicas e organizativas seguramente aptas a proteger todo o processo de tratamento de dados.<\/p>\n<p>Caso a Autoridade Nacional de Prote\u00e7\u00e3o de Dados exija a ado\u00e7\u00e3o de provid\u00eancias em rela\u00e7\u00e3o ao tratamento de dados realizado pela\u00a0NOS Inform\u00e1tica<em>,\u00a0<\/em>comprometemo-nos a segui-las.<\/p>\n<p><strong>10.1 Isen\u00e7\u00e3o de responsabilidade<\/strong><\/p>\n<p>Conforme mencionado no T\u00f3pico 6, embora adotemos elevados padr\u00f5es de seguran\u00e7a a fim de evitar incidentes, n\u00e3o h\u00e1 nenhuma p\u00e1gina ou sistema virtual inteiramente livre de riscos. Nesse sentido, a\u00a0NOS Inform\u00e1tica n\u00e3o se responsabiliza por:<\/p>\n<p>I \u2013 Quaisquer consequ\u00eancias decorrentes da neglig\u00eancia, imprud\u00eancia ou imper\u00edcia dos usu\u00e1rios em rela\u00e7\u00e3o a seus dados individuais. Garantimos e nos responsabilizamos apenas pela seguran\u00e7a dos processos de tratamento de dados e do cumprimento das finalidades descritas no presente instrumento.<\/p>\n<p>Destacamos que a responsabilidade em rela\u00e7\u00e3o \u00e0 confidencialidade dos dados de acesso \u00e9 do usu\u00e1rio.<\/p>\n<p>II \u2013 A\u00e7\u00f5es maliciosas de terceiros, como ataques de\u00a0<em>hackers<\/em>, exceto se comprovada conduta culposa ou deliberada da\u00a0NOS Inform\u00e1tica<em>.<\/em><\/p>\n<p>Destacamos que em caso de incidentes de seguran\u00e7a que possam gerar risco ou dano relevante para voc\u00ea ou qualquer um de nossos usu\u00e1rios\/clientes, comunicaremos aos afetados e a Autoridade Nacional de Prote\u00e7\u00e3o de Dados sobre o ocorrido e cumpriremos as provid\u00eancias necess\u00e1rias.<\/p>\n<p>III \u2013 Inveracidade das informa\u00e7\u00f5es inseridas pelo usu\u00e1rio\/cliente nos registros necess\u00e1rios para a utiliza\u00e7\u00e3o dos servi\u00e7os da\u00a0NOS Inform\u00e1tica; quaisquer consequ\u00eancias decorrentes de informa\u00e7\u00f5es falsas ou inseridas de m\u00e1-f\u00e9 s\u00e3o de inteiramente responsabilidade do usu\u00e1rio\/cliente.<\/p>\n<ol start=\"11\">\n<li><strong> Encarregado de Prote\u00e7\u00e3o de Dados<\/strong><\/li>\n<\/ol>\n<p>A\u00a0NOS Inform\u00e1tica disponibiliza os seguintes meios para que voc\u00ea possa entrar em contato conosco para exercer seus direitos de titular:\u00a0<em>(meios de contato)<\/em>.<\/p>\n<p>Caso tenha d\u00favidas sobre esta Pol\u00edtica de Privacidade ou sobre os dados pessoais que tratamos, voc\u00ea pode entrar em contato com a NOS Inform\u00e1tica, atrav\u00e9s dos seguintes canais:<\/p>\n<p><em>Email: <a href=\"mailto:contato.privacidade@nos.com.br\">contato.privacidade@nos.com.br<\/a><\/em><\/p>\n<p><em>Email<\/em>: <a href=\"mailto:contato@nos.com.br\">contato@nos.com.br<\/a><\/p>\n<p><em>Telefone\/Whatsapp<\/em>: +55-85-98660-1668<\/p>\n<p>Cr\u00e9ditos: A presente Pol\u00edtica de Privacidade e Termos de uso foi baseada em modelo produzido pela Equipe\u00a0<a href=\"https:\/\/legalcloud.com.br\/\">Legalcloud<\/a>\u00a0para auxiliar na elabora\u00e7\u00e3o de uma Pol\u00edtica de Privacidade.<\/p>\n","protected":false},"excerpt":{"rendered":"<p>Na\u00a0NOS Com\u00e9rcio e Servi\u00e7os de Inform\u00e1tica LTDA, doravante denominada simplesmente como \u201cNOS Inform\u00e1tica\u201d, privacidade e seguran\u00e7a s\u00e3o prioridades e nos comprometemos com a transpar\u00eancia do tratamento de dados pessoais dos nossos usu\u00e1rios\/clientes. Por isso, a presente Pol\u00edtica de Privacidade estabelece como \u00e9 feita a coleta, uso e transfer\u00eancia de informa\u00e7\u00f5es de clientes ou outras pessoas [&hellip;]<\/p>\n","protected":false},"author":1,"featured_media":0,"parent":0,"menu_order":0,"comment_status":"closed","ping_status":"closed","template":"","meta":{"footnotes":""},"class_list":["post-59","page","type-page","status-publish","hentry"],"jetpack_sharing_enabled":true,"_links":{"self":[{"href":"https:\/\/nos.com.br\/site\/wp-json\/wp\/v2\/pages\/59","targetHints":{"allow":["GET"]}}],"collection":[{"href":"https:\/\/nos.com.br\/site\/wp-json\/wp\/v2\/pages"}],"about":[{"href":"https:\/\/nos.com.br\/site\/wp-json\/wp\/v2\/types\/page"}],"author":[{"embeddable":true,"href":"https:\/\/nos.com.br\/site\/wp-json\/wp\/v2\/users\/1"}],"replies":[{"embeddable":true,"href":"https:\/\/nos.com.br\/site\/wp-json\/wp\/v2\/comments?post=59"}],"version-history":[{"count":2,"href":"https:\/\/nos.com.br\/site\/wp-json\/wp\/v2\/pages\/59\/revisions"}],"predecessor-version":[{"id":1009,"href":"https:\/\/nos.com.br\/site\/wp-json\/wp\/v2\/pages\/59\/revisions\/1009"}],"wp:attachment":[{"href":"https:\/\/nos.com.br\/site\/wp-json\/wp\/v2\/media?parent=59"}],"curies":[{"name":"wp","href":"https:\/\/api.w.org\/{rel}","templated":true}]}}